{"id":4194,"date":"2025-06-22T15:12:38","date_gmt":"2025-06-22T13:12:38","guid":{"rendered":"https:\/\/zooschule-landau.de\/zooschule\/?page_id=4194"},"modified":"2025-06-22T15:41:15","modified_gmt":"2025-06-22T13:41:15","slug":"zooschule-unterstuetzt-das-selbststaendige-lernen-von-schuelerinnen-und-schuelern","status":"publish","type":"page","link":"https:\/\/zooschule-landau.de\/zooschule\/zooschule-unterstuetzt-das-selbststaendige-lernen-von-schuelerinnen-und-schuelern\/","title":{"rendered":"Zooschule unterst\u00fctzt das selbstst\u00e4ndige Lernen von Sch\u00fclerinnen und Sch\u00fclern"},"content":{"rendered":"\n<h2 class=\"wp-block-heading\">Zooschule unterst\u00fctzt das selbstst\u00e4ndige Lernen von Sch\u00fclerinnen und Sch\u00fclern<\/h2>\n\n\n\n<p>F\u00fcr das selbstst\u00e4ndige Lernen von Sch\u00fclerinnen und Sch\u00fclern, f\u00fcr Projektarbeit und projektorientiertes Lernen bietet die Zooschule folgende Unterst\u00fctzung an:<\/p>\n\n\n\n<p><strong>&#8211; Beratung und Tipps rund um die Durchf\u00fchrung von Projekten<\/strong><\/p>\n\n\n\n<p><strong>&#8211; Hilfe bei der Themenfindung&nbsp;&nbsp;&nbsp;&nbsp;&nbsp;&nbsp;&nbsp;&nbsp;&nbsp;&nbsp;&nbsp;&nbsp;&nbsp;&nbsp;&nbsp;&nbsp;&nbsp;&nbsp;&nbsp;&nbsp;&nbsp;&nbsp;&nbsp;&nbsp;&nbsp;&nbsp;&nbsp;&nbsp;&nbsp;&nbsp;&nbsp;&nbsp;&nbsp;&nbsp;&nbsp;&nbsp;&nbsp;&nbsp;&nbsp;&nbsp;&nbsp;&nbsp;&nbsp;&nbsp;&nbsp;&nbsp;&nbsp;&nbsp;&nbsp;&nbsp;&nbsp;&nbsp;&nbsp;&nbsp;&nbsp;&nbsp;&nbsp;&nbsp;&nbsp;&nbsp;&nbsp;&nbsp;&nbsp;&nbsp;&nbsp;&nbsp;&nbsp;&nbsp;&nbsp;&nbsp;&nbsp;&nbsp;&nbsp;&nbsp;&nbsp;&nbsp;&nbsp;&nbsp;&nbsp;&nbsp;&nbsp;&nbsp;&nbsp;&nbsp;&nbsp;&nbsp;&nbsp;&nbsp;&nbsp;&nbsp;&nbsp;&nbsp;&nbsp;&nbsp;&nbsp;&nbsp;&nbsp;&nbsp;&nbsp;&nbsp;&nbsp;&nbsp;&nbsp;&nbsp;&nbsp;&nbsp;&nbsp;&nbsp;&nbsp;&nbsp;&nbsp; <\/strong><br>Hier kann die Zooschule durch spezielle Erlebnisrundg\u00e4nge vor allem im Rahmen der Themenbereiche \u201eBiodiversit\u00e4t\u201c, \u201eArtenschutz \u2013 hier und anderswo\u201c, \u201eAbfallvermeidung\u201c, \u201eAufgaben eines modernen Zoos\u201c, \u201eLebensr\u00e4ume sch\u00fctzen\u201c Wissen vermitteln, wichtige Impulse geben und damit helfen, ein geeignetes Projektthema mit einer realistischen&nbsp; Zielsetzung (einschlie\u00dflich Produktorientierung) zu finden.<\/p>\n\n\n\n<p><strong>&#8211; Zoop\u00e4dagogen als Experten \u2013 Gespr\u00e4chs-\/ Chatangebote f\u00fcr Sch\u00fclerinnen und Sch\u00fcler<\/strong>:&nbsp;&nbsp; <br>Zu den oben genannten Themen im Rahmen des selbstst\u00e4ndigen Arbeitens\/ Lernens von Sch\u00fclerinnen und Sch\u00fclern stehen erfahrene Zoop\u00e4dagogen und Zoop\u00e4dagoginnen als Experten\/ Expertinnen zur Verf\u00fcgung. Ein Gespr\u00e4ch ist vor Ort, aber auch digital, m\u00f6glich. &nbsp;&nbsp;<\/p>\n\n\n\n<p><strong>&#8211; Inhaltlicher Input zu ausgew\u00e4hlten Themenaspekten \u00a0\u00a0\u00a0\u00a0\u00a0\u00a0\u00a0\u00a0\u00a0\u00a0\u00a0\u00a0\u00a0\u00a0\u00a0\u00a0\u00a0\u00a0\u00a0\u00a0\u00a0\u00a0\u00a0\u00a0\u00a0\u00a0\u00a0\u00a0\u00a0\u00a0\u00a0\u00a0\u00a0\u00a0\u00a0\u00a0\u00a0\u00a0\u00a0\u00a0\u00a0\u00a0\u00a0\u00a0\u00a0\u00a0\u00a0\u00a0\u00a0\u00a0\u00a0\u00a0\u00a0\u00a0\u00a0\u00a0\u00a0\u00a0\u00a0\u00a0\u00a0\u00a0\u00a0\u00a0\u00a0\u00a0\u00a0\u00a0\u00a0\u00a0\u00a0\u00a0<\/strong><br>Es k\u00f6nnen Veranstaltungen zur Vertiefung\/ Erweiterung von ausgew\u00e4hlten Themenaspekten aus den Themenkreisen \u201eBiodiversit\u00e4t\u201c, \u201eAbfallvermeidung\u201c, \u201eAufgaben eines modernen Zoos\u201c u. a. gebucht werden. Sprechen Sie uns einfach an!<\/p>\n\n\n\n<p class=\"has-text-align-center\">Informationen zur Sprechstunde finden Sie <a href=\"https:\/\/zooschule-landau.de\/zooschule\/services\/sprechstunde\/\" data-type=\"page\" data-id=\"368\"><strong>hier<\/strong><\/a>.<\/p>\n","protected":false},"excerpt":{"rendered":"<p>Zooschule unterst\u00fctzt das selbstst\u00e4ndige Lernen von Sch\u00fclerinnen und Sch\u00fclern F\u00fcr das selbstst\u00e4ndige Lernen von Sch\u00fclerinnen und Sch\u00fclern, f\u00fcr Projektarbeit und projektorientiertes Lernen bietet die Zooschule folgende Unterst\u00fctzung an: &#8211; Beratung und Tipps rund um die Durchf\u00fchrung von Projekten &#8211; Hilfe bei der Themenfindung&nbsp;&nbsp;&nbsp;&nbsp;&nbsp;&nbsp;&nbsp;&nbsp;&nbsp;&nbsp;&nbsp;&nbsp;&nbsp;&nbsp;&nbsp;&nbsp;&nbsp;&nbsp;&nbsp;&nbsp;&nbsp;&nbsp;&nbsp;&nbsp;&nbsp;&nbsp;&nbsp;&nbsp;&nbsp;&nbsp;&nbsp;&nbsp;&nbsp;&nbsp;&nbsp;&nbsp;&nbsp;&nbsp;&nbsp;&nbsp;&nbsp;&nbsp;&nbsp;&nbsp;&nbsp;&nbsp;&nbsp;&nbsp;&nbsp;&nbsp;&nbsp;&nbsp;&nbsp;&nbsp;&nbsp;&nbsp;&nbsp;&nbsp;&nbsp;&nbsp;&nbsp;&nbsp;&nbsp;&nbsp;&nbsp;&nbsp;&nbsp;&nbsp;&nbsp;&nbsp;&nbsp;&nbsp;&nbsp;&nbsp;&nbsp;&nbsp;&nbsp;&nbsp;&nbsp;&nbsp;&nbsp;&nbsp;&nbsp;&nbsp;&nbsp;&nbsp;&nbsp;&nbsp;&nbsp;&nbsp;&nbsp;&nbsp;&nbsp;&nbsp;&nbsp;&nbsp;&nbsp;&nbsp;&nbsp;&nbsp;&nbsp;&nbsp;&nbsp;&nbsp;&nbsp;&nbsp;&nbsp;&nbsp;&nbsp;&nbsp;&nbsp; Hier kann die Zooschule durch spezielle Erlebnisrundg\u00e4nge vor allem im Rahmen der<\/p>\n","protected":false},"author":1,"featured_media":0,"parent":0,"menu_order":0,"comment_status":"closed","ping_status":"closed","template":"page-fullwidth.php","meta":{"footnotes":""},"class_list":["post-4194","page","type-page","status-publish","hentry"],"_links":{"self":[{"href":"https:\/\/zooschule-landau.de\/zooschule\/wp-json\/wp\/v2\/pages\/4194","targetHints":{"allow":["GET"]}}],"collection":[{"href":"https:\/\/zooschule-landau.de\/zooschule\/wp-json\/wp\/v2\/pages"}],"about":[{"href":"https:\/\/zooschule-landau.de\/zooschule\/wp-json\/wp\/v2\/types\/page"}],"author":[{"embeddable":true,"href":"https:\/\/zooschule-landau.de\/zooschule\/wp-json\/wp\/v2\/users\/1"}],"replies":[{"embeddable":true,"href":"https:\/\/zooschule-landau.de\/zooschule\/wp-json\/wp\/v2\/comments?post=4194"}],"version-history":[{"count":4,"href":"https:\/\/zooschule-landau.de\/zooschule\/wp-json\/wp\/v2\/pages\/4194\/revisions"}],"predecessor-version":[{"id":4199,"href":"https:\/\/zooschule-landau.de\/zooschule\/wp-json\/wp\/v2\/pages\/4194\/revisions\/4199"}],"wp:attachment":[{"href":"https:\/\/zooschule-landau.de\/zooschule\/wp-json\/wp\/v2\/media?parent=4194"}],"curies":[{"name":"wp","href":"https:\/\/api.w.org\/{rel}","templated":true}]}}