{"id":4063,"date":"2024-11-08T21:44:59","date_gmt":"2024-11-08T20:44:59","guid":{"rendered":"https:\/\/zooschule-landau.de\/zooschule\/?page_id=4063"},"modified":"2025-03-24T10:12:16","modified_gmt":"2025-03-24T09:12:16","slug":"partnerschaften","status":"publish","type":"page","link":"https:\/\/zooschule-landau.de\/zooschule\/partnerschaften\/","title":{"rendered":"Partnerschaften"},"content":{"rendered":"\n<h1 class=\"wp-block-heading\">Partnerschaften\/ Kooperationen<\/h1>\n\n\n\n<p>\u201eLeistung durch Kooperation\u201c \u2013 Dieses Motto lebt die Zooschule Landau seit ihrer Gr\u00fcndung. Kooperationen und Partnerschaften haben traditionell in der Zooschule einen sehr hohen Stellenwert.<\/p>\n\n\n\n<div style=\"height:58px\" aria-hidden=\"true\" class=\"wp-block-spacer\"><\/div>\n\n\n\n<h2 class=\"wp-block-heading\" id=\"kommunal\">Kommunale\/ St\u00e4dtische Partnerschaften<\/h2>\n\n\n\n<div class=\"wp-block-media-text alignwide is-stacked-on-mobile\" style=\"grid-template-columns:20% auto\"><figure class=\"wp-block-media-text__media\"><img loading=\"lazy\" decoding=\"async\" width=\"225\" height=\"225\" src=\"https:\/\/zooschule-landau.de\/zooschule\/wp-content\/uploads\/2024\/11\/ewl.png\" alt=\"\" class=\"wp-image-4064 size-full\" srcset=\"https:\/\/zooschule-landau.de\/zooschule\/wp-content\/uploads\/2024\/11\/ewl.png 225w, https:\/\/zooschule-landau.de\/zooschule\/wp-content\/uploads\/2024\/11\/ewl-150x150.png 150w, https:\/\/zooschule-landau.de\/zooschule\/wp-content\/uploads\/2024\/11\/ewl-90x90.png 90w, https:\/\/zooschule-landau.de\/zooschule\/wp-content\/uploads\/2024\/11\/ewl-64x64.png 64w\" sizes=\"auto, (max-width: 225px) 100vw, 225px\" \/><\/figure><div class=\"wp-block-media-text__content\">\n<p>Bildungspartnerschaft mit dem Entsorgungs- und Wirtschaftsbetrieb Landau (EWL) <a href=\"https:\/\/www.ew-landau.de\/\">https:\/\/www.ew-landau.de\/<\/a><\/p>\n<\/div><\/div>\n\n\n\n<div class=\"wp-block-media-text alignwide is-stacked-on-mobile\" style=\"grid-template-columns:20% auto\"><figure class=\"wp-block-media-text__media\"><img loading=\"lazy\" decoding=\"async\" width=\"296\" height=\"100\" src=\"https:\/\/zooschule-landau.de\/zooschule\/wp-content\/uploads\/2019\/02\/eww-logo.jpg\" alt=\"\" class=\"wp-image-1807 size-full\"\/><\/figure><div class=\"wp-block-media-text__content\">\n<p>Bildungspartnerschaft mit dem Eigenbetrieb WertstoffWirtschaft des Landkreises S\u00fcdliche Weinstra\u00dfe (EWW) <a href=\"https:\/\/www.suedliche-weinstrasse.de\/einrichtungen\/eww\/\">https:\/\/www.suedliche-weinstrasse.de\/einrichtungen\/eww\/<\/a><\/p>\n<\/div><\/div>\n\n\n\n<div style=\"height:40px\" aria-hidden=\"true\" class=\"wp-block-spacer\"><\/div>\n\n\n\n<div class=\"wp-block-media-text alignwide is-stacked-on-mobile\" style=\"grid-template-columns:20% auto\"><figure class=\"wp-block-media-text__media\"><img loading=\"lazy\" decoding=\"async\" width=\"477\" height=\"513\" src=\"https:\/\/zooschule-landau.de\/zooschule\/wp-content\/uploads\/2024\/11\/landau.png\" alt=\"\" class=\"wp-image-4065 size-full\" srcset=\"https:\/\/zooschule-landau.de\/zooschule\/wp-content\/uploads\/2024\/11\/landau.png 477w, https:\/\/zooschule-landau.de\/zooschule\/wp-content\/uploads\/2024\/11\/landau-279x300.png 279w\" sizes=\"auto, (max-width: 477px) 100vw, 477px\" \/><\/figure><div class=\"wp-block-media-text__content\">\n<p>Jugendamt der Stadt Landau (Ferienprogramme)<\/p>\n\n\n\n<p>Sozialamt der Stadt Landau (Sprachf\u00f6rderung)<\/p>\n<\/div><\/div>\n\n\n\n<div style=\"height:40px\" aria-hidden=\"true\" class=\"wp-block-spacer\"><\/div>\n\n\n\n<div class=\"wp-block-media-text alignwide is-stacked-on-mobile\" style=\"grid-template-columns:20% auto\"><figure class=\"wp-block-media-text__media\"><img loading=\"lazy\" decoding=\"async\" width=\"446\" height=\"173\" src=\"https:\/\/zooschule-landau.de\/zooschule\/wp-content\/uploads\/2025\/03\/Logo-Forum-Demenz.jpg\" alt=\"\" class=\"wp-image-4160 size-full\" srcset=\"https:\/\/zooschule-landau.de\/zooschule\/wp-content\/uploads\/2025\/03\/Logo-Forum-Demenz.jpg 446w, https:\/\/zooschule-landau.de\/zooschule\/wp-content\/uploads\/2025\/03\/Logo-Forum-Demenz-300x116.jpg 300w\" sizes=\"auto, (max-width: 446px) 100vw, 446px\" \/><\/figure><div class=\"wp-block-media-text__content\">\n<p><a href=\"https:\/\/forumdemenz.de\">https:\/\/forumdemenz.de<\/a><\/p>\n<\/div><\/div>\n\n\n\n<hr class=\"wp-block-separator has-alpha-channel-opacity is-style-default\"\/>\n\n\n\n<h2 class=\"wp-block-heading\" id=\"partnerschulen\">offizielle Partnerschulen<\/h2>\n\n\n\n<div style=\"height:40px\" aria-hidden=\"true\" class=\"wp-block-spacer\"><\/div>\n\n\n\n<div class=\"wp-block-media-text alignwide is-stacked-on-mobile\" style=\"grid-template-columns:20% auto\"><figure class=\"wp-block-media-text__media\"><img loading=\"lazy\" decoding=\"async\" width=\"220\" height=\"150\" src=\"https:\/\/zooschule-landau.de\/zooschule\/wp-content\/uploads\/2024\/11\/gaeuschule.png\" alt=\"\" class=\"wp-image-4069 size-full\"\/><\/figure><div class=\"wp-block-media-text__content\">\n<p>BNE-Schule Grundschule B\u00f6bingen <a href=\"https:\/\/www.gaeuschule.eu\/\">https:\/\/www.gaeuschule.eu\/<\/a><\/p>\n<\/div><\/div>\n\n\n\n<div class=\"wp-block-media-text alignwide is-stacked-on-mobile\" style=\"grid-template-columns:20% auto\"><figure class=\"wp-block-media-text__media\"><img loading=\"lazy\" decoding=\"async\" width=\"139\" height=\"150\" src=\"https:\/\/zooschule-landau.de\/zooschule\/wp-content\/uploads\/2024\/11\/esg-139x150.jpg\" alt=\"\" class=\"wp-image-4071 size-thumbnail\"\/><\/figure><div class=\"wp-block-media-text__content\">\n<p>Eduard-Spranger-Gymnasium <a href=\"https:\/\/www.esg-landau.de\/\">https:\/\/www.esg-landau.de\/<\/a><\/p>\n<\/div><\/div>\n\n\n\n<div style=\"height:40px\" aria-hidden=\"true\" class=\"wp-block-spacer\"><\/div>\n\n\n\n<p>Nikolaus-Weis-Gymnasium (in Vorbereitung)<\/p>\n\n\n\n<hr class=\"wp-block-separator has-alpha-channel-opacity\"\/>\n\n\n\n<h2 class=\"wp-block-heading\" id=\"netzwerke\">Mitarbeit in Netzwerken<\/h2>\n\n\n\n<div style=\"height:40px\" aria-hidden=\"true\" class=\"wp-block-spacer\"><\/div>\n\n\n\n<div class=\"wp-block-media-text alignwide is-stacked-on-mobile\" style=\"grid-template-columns:20% auto\"><figure class=\"wp-block-media-text__media\"><img loading=\"lazy\" decoding=\"async\" width=\"768\" height=\"214\" src=\"https:\/\/zooschule-landau.de\/zooschule\/wp-content\/uploads\/2024\/11\/netzwerk_umweltbildung.jpeg\" alt=\"\" class=\"wp-image-4073 size-full\" srcset=\"https:\/\/zooschule-landau.de\/zooschule\/wp-content\/uploads\/2024\/11\/netzwerk_umweltbildung.jpeg 768w, https:\/\/zooschule-landau.de\/zooschule\/wp-content\/uploads\/2024\/11\/netzwerk_umweltbildung-300x84.jpeg 300w\" sizes=\"auto, (max-width: 768px) 100vw, 768px\" \/><\/figure><div class=\"wp-block-media-text__content\">\n<p>Netzwerk Umweltbildung S\u00fcdpfalz <a href=\"https:\/\/www.umweltbildung-s\u00fcdpfalz.de\/\">https:\/\/www.umweltbildung-s\u00fcdpfalz.de\/<\/a><\/p>\n<\/div><\/div>\n\n\n\n<div style=\"height:40px\" aria-hidden=\"true\" class=\"wp-block-spacer\"><\/div>\n\n\n\n<div class=\"wp-block-media-text alignwide is-stacked-on-mobile\" style=\"grid-template-columns:20% auto\"><figure class=\"wp-block-media-text__media\"><img loading=\"lazy\" decoding=\"async\" width=\"355\" height=\"355\" src=\"https:\/\/zooschule-landau.de\/zooschule\/wp-content\/uploads\/2019\/07\/2225_Logo\u00d4\u00c7\u00f4LernOrt-Nachhkeit-4c-S-Prod-1.jpg\" alt=\"\" class=\"wp-image-2216 size-full\" srcset=\"https:\/\/zooschule-landau.de\/zooschule\/wp-content\/uploads\/2019\/07\/2225_Logo\u00d4\u00c7\u00f4LernOrt-Nachhkeit-4c-S-Prod-1.jpg 355w, https:\/\/zooschule-landau.de\/zooschule\/wp-content\/uploads\/2019\/07\/2225_Logo\u00d4\u00c7\u00f4LernOrt-Nachhkeit-4c-S-Prod-1-150x150.jpg 150w, https:\/\/zooschule-landau.de\/zooschule\/wp-content\/uploads\/2019\/07\/2225_Logo\u00d4\u00c7\u00f4LernOrt-Nachhkeit-4c-S-Prod-1-300x300.jpg 300w, https:\/\/zooschule-landau.de\/zooschule\/wp-content\/uploads\/2019\/07\/2225_Logo\u00d4\u00c7\u00f4LernOrt-Nachhkeit-4c-S-Prod-1-90x90.jpg 90w, https:\/\/zooschule-landau.de\/zooschule\/wp-content\/uploads\/2019\/07\/2225_Logo\u00d4\u00c7\u00f4LernOrt-Nachhkeit-4c-S-Prod-1-64x64.jpg 64w\" sizes=\"auto, (max-width: 355px) 100vw, 355px\" \/><\/figure><div class=\"wp-block-media-text__content\">\n<p>LernOrt Nachhaltigkeit Rheinland-Pfalz <a href=\"https:\/\/bildung.rlp.de\/nachhaltigkeit\/netzwerke-bne\/lernort-nachhaltigkeit\">https:\/\/bildung.rlp.de\/nachhaltigkeit\/netzwerke-bne\/lernort-nachhaltigkeit<\/a><\/p>\n<\/div><\/div>\n\n\n\n<div style=\"height:40px\" aria-hidden=\"true\" class=\"wp-block-spacer\"><\/div>\n\n\n\n<p>BNE Netzwerk Pf\u00e4lzerwald <a href=\"https:\/\/www.pfaelzerwald.de\/bne-partner\/\">https:\/\/www.pfaelzerwald.de\/bne-partner\/<\/a><\/p>\n\n\n\n<div style=\"height:40px\" aria-hidden=\"true\" class=\"wp-block-spacer\"><\/div>\n\n\n\n<div class=\"wp-block-media-text alignwide is-stacked-on-mobile\" style=\"grid-template-columns:20% auto\"><figure class=\"wp-block-media-text__media\"><img loading=\"lazy\" decoding=\"async\" width=\"718\" height=\"520\" src=\"https:\/\/zooschule-landau.de\/zooschule\/wp-content\/uploads\/2024\/11\/lbne.png\" alt=\"\" class=\"wp-image-4074 size-full\" srcset=\"https:\/\/zooschule-landau.de\/zooschule\/wp-content\/uploads\/2024\/11\/lbne.png 718w, https:\/\/zooschule-landau.de\/zooschule\/wp-content\/uploads\/2024\/11\/lbne-300x217.png 300w\" sizes=\"auto, (max-width: 718px) 100vw, 718px\" \/><\/figure><div class=\"wp-block-media-text__content\">\n<p>Netzwerk f\u00fcr Lehrkr\u00e4ftebildung f\u00fcr nachhaltige Entwicklung (LBNE) (Netzwerk im Aufbau)<\/p>\n<\/div><\/div>\n\n\n\n<hr class=\"wp-block-separator has-alpha-channel-opacity\"\/>\n\n\n\n<h2 class=\"wp-block-heading\" id=\"mitgliedschaften\">Mitgliedschaften<\/h2>\n\n\n\n<div style=\"height:40px\" aria-hidden=\"true\" class=\"wp-block-spacer\"><\/div>\n\n\n\n<div class=\"wp-block-media-text alignwide is-stacked-on-mobile\" style=\"grid-template-columns:20% auto\"><figure class=\"wp-block-media-text__media\"><img loading=\"lazy\" decoding=\"async\" width=\"304\" height=\"218\" src=\"https:\/\/zooschule-landau.de\/zooschule\/wp-content\/uploads\/2024\/11\/anu.png\" alt=\"\" class=\"wp-image-4076 size-full\" srcset=\"https:\/\/zooschule-landau.de\/zooschule\/wp-content\/uploads\/2024\/11\/anu.png 304w, https:\/\/zooschule-landau.de\/zooschule\/wp-content\/uploads\/2024\/11\/anu-300x215.png 300w\" sizes=\"auto, (max-width: 304px) 100vw, 304px\" \/><\/figure><div class=\"wp-block-media-text__content\">\n<p>Arbeitsgemeinschaft Natur- und Umweltbildung Bundesverband e.V. (ANU) <a href=\"https:\/\/www.umweltbildung.de\/\">https:\/\/www.umweltbildung.de\/<\/a><\/p>\n<\/div><\/div>\n\n\n\n<div style=\"height:40px\" aria-hidden=\"true\" class=\"wp-block-spacer\"><\/div>\n\n\n\n<div class=\"wp-block-media-text alignwide is-stacked-on-mobile\" style=\"grid-template-columns:20% auto\"><figure class=\"wp-block-media-text__media\"><img loading=\"lazy\" decoding=\"async\" width=\"265\" height=\"160\" src=\"https:\/\/zooschule-landau.de\/zooschule\/wp-content\/uploads\/2024\/11\/vzp-1.png\" alt=\"\" class=\"wp-image-4078 size-full\"\/><\/figure><div class=\"wp-block-media-text__content\">\n<p>Verband deutschsprachiger Zoop\u00e4dagogen <a href=\"https:\/\/www.vzp.de\/\">https:\/\/www.vzp.de\/<\/a><\/p>\n<\/div><\/div>\n\n\n\n<div style=\"height:40px\" aria-hidden=\"true\" class=\"wp-block-spacer\"><\/div>\n\n\n\n<div class=\"wp-block-media-text alignwide is-stacked-on-mobile\" style=\"grid-template-columns:20% auto\"><figure class=\"wp-block-media-text__media\"><img loading=\"lazy\" decoding=\"async\" width=\"190\" height=\"92\" src=\"https:\/\/zooschule-landau.de\/zooschule\/wp-content\/uploads\/2024\/11\/International_Zoo_Educators_Association_logo.jpg\" alt=\"\" class=\"wp-image-4079 size-full\"\/><\/figure><div class=\"wp-block-media-text__content\">\n<p>International Zoo Educators Association (IZE) <a href=\"https:\/\/izea.net\/\">https:\/\/izea.net\/<\/a><\/p>\n<\/div><\/div>\n\n\n\n<hr class=\"wp-block-separator has-alpha-channel-opacity\"\/>\n\n\n\n<h2 class=\"wp-block-heading\" id=\"international\">Internationale Kooperation<\/h2>\n\n\n\n<div style=\"height:40px\" aria-hidden=\"true\" class=\"wp-block-spacer\"><\/div>\n\n\n\n<div class=\"wp-block-media-text alignwide is-stacked-on-mobile\" style=\"grid-template-columns:20% auto\"><figure class=\"wp-block-media-text__media\"><img loading=\"lazy\" decoding=\"async\" width=\"299\" height=\"450\" src=\"https:\/\/zooschule-landau.de\/zooschule\/wp-content\/uploads\/2024\/11\/umusambi-logo-e1553523065103.jpg\" alt=\"\" class=\"wp-image-4081 size-full\" srcset=\"https:\/\/zooschule-landau.de\/zooschule\/wp-content\/uploads\/2024\/11\/umusambi-logo-e1553523065103.jpg 299w, https:\/\/zooschule-landau.de\/zooschule\/wp-content\/uploads\/2024\/11\/umusambi-logo-e1553523065103-199x300.jpg 199w\" sizes=\"auto, (max-width: 299px) 100vw, 299px\" \/><\/figure><div class=\"wp-block-media-text__content\">\n<p>Seit 2021 pflegt die Zooschule eine Bildungspartnerschaft mit dem Umweltbildungszentrum Umusambi-Village\/ Ruanda <a href=\"https:\/\/umusambivillage.org\/\">https:\/\/umusambivillage.org\/<\/a><\/p>\n<\/div><\/div>\n\n\n\n<hr class=\"wp-block-separator has-alpha-channel-opacity\"\/>\n\n\n\n<h2 class=\"wp-block-heading\" id=\"rptu\">Rheinland-Pf\u00e4lzische Technische Universit\u00e4t Kaiserslautern Landau<\/h2>\n\n\n\n<div class=\"wp-block-media-text alignwide is-stacked-on-mobile\" style=\"grid-template-columns:20% auto\"><figure class=\"wp-block-media-text__media\"><img loading=\"lazy\" decoding=\"async\" width=\"611\" height=\"160\" src=\"https:\/\/zooschule-landau.de\/zooschule\/wp-content\/uploads\/2024\/11\/RPTU_einzeilig_dklgruen.png\" alt=\"\" class=\"wp-image-4083 size-full\" srcset=\"https:\/\/zooschule-landau.de\/zooschule\/wp-content\/uploads\/2024\/11\/RPTU_einzeilig_dklgruen.png 611w, https:\/\/zooschule-landau.de\/zooschule\/wp-content\/uploads\/2024\/11\/RPTU_einzeilig_dklgruen-300x79.png 300w\" sizes=\"auto, (max-width: 611px) 100vw, 611px\" \/><\/figure><div class=\"wp-block-media-text__content\">\n<div class=\"wp-block-media-text alignwide has-media-on-the-right is-stacked-on-mobile\"><div class=\"wp-block-media-text__content\">\n<p>Bildungseinrichtung im Zentrum f\u00fcr Bildung und Forschung an Au\u00dferschulischen Lernorten (ZentrAL) <a href=\"https:\/\/rptu.de\/zentral\">https:\/\/rptu.de\/zentral<\/a><\/p>\n<\/div><figure class=\"wp-block-media-text__media\"><img loading=\"lazy\" decoding=\"async\" width=\"480\" height=\"196\" src=\"https:\/\/zooschule-landau.de\/zooschule\/wp-content\/uploads\/2024\/11\/ZentrAL_Logo.jpg\" alt=\"\" class=\"wp-image-4084 size-full\" srcset=\"https:\/\/zooschule-landau.de\/zooschule\/wp-content\/uploads\/2024\/11\/ZentrAL_Logo.jpg 480w, https:\/\/zooschule-landau.de\/zooschule\/wp-content\/uploads\/2024\/11\/ZentrAL_Logo-300x123.jpg 300w\" sizes=\"auto, (max-width: 480px) 100vw, 480px\" \/><\/figure><\/div>\n<\/div><\/div>\n","protected":false},"excerpt":{"rendered":"<p>Partnerschaften\/ Kooperationen \u201eLeistung durch Kooperation\u201c \u2013 Dieses Motto lebt die Zooschule Landau seit ihrer Gr\u00fcndung. Kooperationen und Partnerschaften haben traditionell in der Zooschule einen sehr hohen Stellenwert. Kommunale\/ St\u00e4dtische Partnerschaften Bildungspartnerschaft mit dem Entsorgungs- und Wirtschaftsbetrieb Landau (EWL) https:\/\/www.ew-landau.de\/ Bildungspartnerschaft mit dem Eigenbetrieb WertstoffWirtschaft des Landkreises S\u00fcdliche Weinstra\u00dfe (EWW) https:\/\/www.suedliche-weinstrasse.de\/einrichtungen\/eww\/ Jugendamt der Stadt Landau (Ferienprogramme)<\/p>\n","protected":false},"author":1,"featured_media":0,"parent":0,"menu_order":0,"comment_status":"closed","ping_status":"closed","template":"page-fullwidth.php","meta":{"footnotes":""},"class_list":["post-4063","page","type-page","status-publish","hentry"],"_links":{"self":[{"href":"https:\/\/zooschule-landau.de\/zooschule\/wp-json\/wp\/v2\/pages\/4063","targetHints":{"allow":["GET"]}}],"collection":[{"href":"https:\/\/zooschule-landau.de\/zooschule\/wp-json\/wp\/v2\/pages"}],"about":[{"href":"https:\/\/zooschule-landau.de\/zooschule\/wp-json\/wp\/v2\/types\/page"}],"author":[{"embeddable":true,"href":"https:\/\/zooschule-landau.de\/zooschule\/wp-json\/wp\/v2\/users\/1"}],"replies":[{"embeddable":true,"href":"https:\/\/zooschule-landau.de\/zooschule\/wp-json\/wp\/v2\/comments?post=4063"}],"version-history":[{"count":13,"href":"https:\/\/zooschule-landau.de\/zooschule\/wp-json\/wp\/v2\/pages\/4063\/revisions"}],"predecessor-version":[{"id":4172,"href":"https:\/\/zooschule-landau.de\/zooschule\/wp-json\/wp\/v2\/pages\/4063\/revisions\/4172"}],"wp:attachment":[{"href":"https:\/\/zooschule-landau.de\/zooschule\/wp-json\/wp\/v2\/media?parent=4063"}],"curies":[{"name":"wp","href":"https:\/\/api.w.org\/{rel}","templated":true}]}}