{"id":378,"date":"2018-02-23T11:37:28","date_gmt":"2018-02-23T10:37:28","guid":{"rendered":"http:\/\/zooschule.synology.me\/zooschule\/?page_id=378"},"modified":"2022-03-24T16:39:55","modified_gmt":"2022-03-24T15:39:55","slug":"geburtstage","status":"publish","type":"page","link":"https:\/\/zooschule-landau.de\/zooschule\/services\/geburtstage\/","title":{"rendered":"Geburtstage"},"content":{"rendered":"\n<h1 class=\"wp-block-heading\">Geburtstage in der Zooschule<\/h1>\n\n\n\n<h3 class=\"wp-block-heading\">Seit 2018 bieten wir auch Geburtstagsveranstaltungen f\u00fcr Erwachsene an!<\/h3>\n\n\n\n<div class=\"preise\">\n<p>Kinder ab 4 Jahren k\u00f6nnen ihren Geburtstag in der Zooschule feiern.<\/p>\n<p>Zum ca. 2\u00bd-st\u00fcndigen Geburtstagsprogramm geh\u00f6rt ein gef\u00fchrter Zoorundgang, ein buntes Spiel- und Bastelprogramm in den R\u00e4umlichkeiten der Zooschule und als Highlight ein hautnaher Tierkontakt mit einem unserer Zooschultiere (Schlange, Leopardgecko, Krokodilmolch, Ziegen &amp; Schafe, Bartagame oder Gespenstschrecke).<\/p>\n<p>Kuchen und Getr\u00e4nke k\u00f6nnen zum Essen mitgebracht werden. Nachhaltigkeit ist uns sehr wichtig \u2013 darum stellen wir gerne das Geschirr f\u00fcr den Geburtstagstisch zur Verf\u00fcgung (im Preis enthalten). \nWeitere Anregungen f\u00fcr eine umweltfreundliche Feier in der Zooschule finden Sie in dem <a href=\"https:\/\/zooschule-landau.de\/zooschule\/services\/geburtstage\/\">Flyer \u201eTipps f\u00fcr den Kindergeburtstag\u201c<\/a>  <\/p>\n<p>An der Zookasse kann gegen eine Geb\u00fchr in H\u00f6he von 2,- Euro und Hinterlegung des Personalausweises oder F\u00fchrerscheins bzw. eines 50-Euro-Scheines, ein Bollerwagen zum Transport der Verpflegung und des Gep\u00e4cks ausgeliehen werden.<\/p>\n<strong>Die Preise k\u00f6nnen Sie unserer <a href=\"http:\/\/zooschule-landau.de\/zooschule\/preise\/\">Preis\u00fcbersicht<\/a> entnehmen.<\/strong> <br><br>\n<p>Treffpunkt mit dem Zoop\u00e4dagogen ist zur vereinbarten Zeit direkt hinter der Zookasse.<br>Anmeldungen f\u00fcr Kindergeburtstage erfolgen \u00fcber die Zooverwaltung unter 06341-137002 oder -137011.<\/p>\n<p>Hier erhalten Sie auch noch weitere Informationen rund um das spezielle Geburtstagsprogramm.<\/p>\n<\/div>\n\n\n\n<div class=\"wp-block-image\"><figure class=\"alignright is-resized\"><a href=\"https:\/\/zooschule-landau.de\/zooschule\/wp-content\/uploads\/2021\/03\/Kindergeburtstag_im_Zoo.pdf\"><img loading=\"lazy\" decoding=\"async\" src=\"https:\/\/zooschule-landau.de\/zooschule\/wp-content\/uploads\/2021\/03\/flyer_geburtstag.png\" alt=\"\" class=\"wp-image-1479\" width=\"284\" height=\"649\"\/><\/a><figcaption>Bild anklicken um Flyer herunterzuladen<\/figcaption><\/figure><\/div>\n\n\n\n<div class=\"floatende\"><hr>\n<p>Die Einladungskarten f\u00fcr den Kindergeburtstag haben jeweils DIN A 5 Format. Zum Herunterladen bitte auf das jeweilige Bild klicken. Die Materialien liegen im pdf-Format bereit. Zur Ansicht und zum Ausdrucken wird der Acrobat Reader ben\u00f6tigt. Dieser kann <a class=\" link\" href=\"https:\/\/get.adobe.com\/reader\/\" target=\"_blank\" rel=\"noopener\">kostenlos auf den Seiten von Adobe heruntergeladen<\/a> werden.<\/p>\n<\/div>\n\n\n\n<div>\n<\/div>\n\n\n\n<div class=\"wp-block-image\"><figure class=\"alignleft\"><a href=\"https:\/\/zooschule-landau.de\/zooschule\/wp-content\/uploads\/2018\/02\/Geb_Haust_TXT.pdf\"><img loading=\"lazy\" decoding=\"async\" width=\"185\" height=\"120\" src=\"https:\/\/zooschule-landau.de\/zooschule\/wp-content\/uploads\/2018\/02\/Geb_Haustiere_TXT.jpg\" alt=\"\" class=\"wp-image-394\"\/><\/a><figcaption>&#8222;Haustier&#8220; mit Text<\/figcaption><\/figure><\/div>\n\n\n\n<div class=\"wp-block-image\"><figure class=\"alignleft\"><a href=\"https:\/\/zooschule-landau.de\/zooschule\/wp-content\/uploads\/2018\/02\/Geb_Haust.pdf\"><img loading=\"lazy\" decoding=\"async\" width=\"185\" height=\"120\" src=\"https:\/\/zooschule-landau.de\/zooschule\/wp-content\/uploads\/2018\/02\/Geb_Haustiere.jpg\" alt=\"\" class=\"wp-image-393\"\/><\/a><figcaption>&#8222;Haustier&#8220; ohne Text<\/figcaption><\/figure><\/div>\n\n\n\n<div class=\"wp-block-image\"><figure class=\"alignleft\"><a href=\"https:\/\/zooschule-landau.de\/zooschule\/wp-content\/uploads\/2018\/02\/Geb_Pingu_TXT.pdf\"><img loading=\"lazy\" decoding=\"async\" width=\"185\" height=\"120\" src=\"https:\/\/zooschule-landau.de\/zooschule\/wp-content\/uploads\/2018\/02\/Geb_Pingu_TXT.jpg\" alt=\"\" class=\"wp-image-397\"\/><\/a><figcaption>&#8222;Pinguin&#8220; mit Text<\/figcaption><\/figure><\/div>\n\n\n\n<div class=\"wp-block-image\"><figure class=\"alignleft\"><a href=\"https:\/\/zooschule-landau.de\/zooschule\/wp-content\/uploads\/2018\/02\/Geb_Pingu.pdf\"><img loading=\"lazy\" decoding=\"async\" width=\"185\" height=\"120\" src=\"https:\/\/zooschule-landau.de\/zooschule\/wp-content\/uploads\/2018\/02\/Geb_Pingu.jpg\" alt=\"\" class=\"wp-image-395\"\/><\/a><figcaption>&#8222;Pinguin&#8220; ohne Text<\/figcaption><\/figure><\/div>\n\n\n\n<div class=\"wp-block-image\"><figure class=\"alignleft\"><a href=\"https:\/\/zooschule-landau.de\/zooschule\/wp-content\/uploads\/2018\/02\/Geb_Tiger_TXT.pdf\"><img loading=\"lazy\" decoding=\"async\" width=\"185\" height=\"120\" src=\"https:\/\/zooschule-landau.de\/zooschule\/wp-content\/uploads\/2018\/02\/Geb_Tiger_TXT.jpg\" alt=\"\" class=\"wp-image-401\"\/><\/a><figcaption>&#8222;Tiger&#8220; mit Text<\/figcaption><\/figure><\/div>\n\n\n\n<div class=\"wp-block-image\"><figure class=\"alignleft\"><a href=\"https:\/\/zooschule-landau.de\/zooschule\/wp-content\/uploads\/2018\/02\/Geb_Tiger.pdf\"><img loading=\"lazy\" decoding=\"async\" width=\"185\" height=\"120\" src=\"https:\/\/zooschule-landau.de\/zooschule\/wp-content\/uploads\/2018\/02\/Geb_Tiger.jpg\" alt=\"\" class=\"wp-image-399\"\/><\/a><figcaption>&#8222;Tiger&#8220; ohne Text<\/figcaption><\/figure><\/div>\n\n\n\n<div class=\"wp-block-image\"><figure class=\"alignleft\"><a href=\"https:\/\/zooschule-landau.de\/zooschule\/wp-content\/uploads\/2018\/02\/Geb_Urwald_TXT.pdf\"><img loading=\"lazy\" decoding=\"async\" width=\"185\" height=\"120\" src=\"https:\/\/zooschule-landau.de\/zooschule\/wp-content\/uploads\/2018\/02\/Geb_Urwald_TXT.jpg\" alt=\"\" class=\"wp-image-405\"\/><\/a><figcaption>&#8222;Urwald&#8220; mit Text<\/figcaption><\/figure><\/div>\n\n\n\n<div class=\"wp-block-image\"><figure class=\"alignleft\"><a href=\"https:\/\/zooschule-landau.de\/zooschule\/wp-content\/uploads\/2018\/02\/Geb_Urwald.pdf\"><img loading=\"lazy\" decoding=\"async\" width=\"185\" height=\"120\" src=\"https:\/\/zooschule-landau.de\/zooschule\/wp-content\/uploads\/2018\/02\/Geb_Urwald.jpg\" alt=\"\" class=\"wp-image-403\"\/><\/a><figcaption>&#8222;Urwald&#8220; ohne Text<\/figcaption><\/figure><\/div>\n","protected":false},"excerpt":{"rendered":"<p>Geburtstage in der Zooschule Seit 2018 bieten wir auch Geburtstagsveranstaltungen f\u00fcr Erwachsene an! Kinder ab 4 Jahren k\u00f6nnen ihren Geburtstag in der Zooschule feiern. Zum ca. 2\u00bd-st\u00fcndigen Geburtstagsprogramm geh\u00f6rt ein gef\u00fchrter Zoorundgang, ein buntes Spiel- und Bastelprogramm in den R\u00e4umlichkeiten der Zooschule und als Highlight ein hautnaher Tierkontakt mit einem unserer Zooschultiere (Schlange, Leopardgecko, Krokodilmolch,<\/p>\n","protected":false},"author":1,"featured_media":0,"parent":374,"menu_order":0,"comment_status":"closed","ping_status":"closed","template":"js\/page-fullwidth.php","meta":{"footnotes":""},"class_list":["post-378","page","type-page","status-publish","hentry"],"_links":{"self":[{"href":"https:\/\/zooschule-landau.de\/zooschule\/wp-json\/wp\/v2\/pages\/378","targetHints":{"allow":["GET"]}}],"collection":[{"href":"https:\/\/zooschule-landau.de\/zooschule\/wp-json\/wp\/v2\/pages"}],"about":[{"href":"https:\/\/zooschule-landau.de\/zooschule\/wp-json\/wp\/v2\/types\/page"}],"author":[{"embeddable":true,"href":"https:\/\/zooschule-landau.de\/zooschule\/wp-json\/wp\/v2\/users\/1"}],"replies":[{"embeddable":true,"href":"https:\/\/zooschule-landau.de\/zooschule\/wp-json\/wp\/v2\/comments?post=378"}],"version-history":[{"count":26,"href":"https:\/\/zooschule-landau.de\/zooschule\/wp-json\/wp\/v2\/pages\/378\/revisions"}],"predecessor-version":[{"id":3492,"href":"https:\/\/zooschule-landau.de\/zooschule\/wp-json\/wp\/v2\/pages\/378\/revisions\/3492"}],"up":[{"embeddable":true,"href":"https:\/\/zooschule-landau.de\/zooschule\/wp-json\/wp\/v2\/pages\/374"}],"wp:attachment":[{"href":"https:\/\/zooschule-landau.de\/zooschule\/wp-json\/wp\/v2\/media?parent=378"}],"curies":[{"name":"wp","href":"https:\/\/api.w.org\/{rel}","templated":true}]}}