{"id":324,"date":"2018-02-23T10:04:52","date_gmt":"2018-02-23T09:04:52","guid":{"rendered":"http:\/\/zooschule.synology.me\/zooschule\/?page_id=324"},"modified":"2024-04-25T20:49:40","modified_gmt":"2024-04-25T18:49:40","slug":"bedrohung","status":"publish","type":"page","link":"https:\/\/zooschule-landau.de\/zoojugendspiele\/humboldt-pinguin\/bedrohung\/","title":{"rendered":"Bedrohung"},"content":{"rendered":"<p><img loading=\"lazy\" decoding=\"async\" class=\"alignright wp-image-299 size-full\" title=\"Foto: Knauf\" src=\"https:\/\/zooschule-landau.de\/zoojugendspiele\/wp-content\/uploads\/2018\/02\/Pingu001.jpg\" alt=\"\" width=\"270\" height=\"360\" \/><\/p>\n<h1>Warum sind Humboldt-Pinguine von der Ausrottung bedroht?<\/h1>\n<p>Humboldt-Pinguine sind <strong>sehr stark von der Ausrottung bedroht<\/strong>. Das bedeutet, dass es nur noch wenige dieser Tiere in der freien Natur gibt. Es gibt mehrere Gr\u00fcnde daf\u00fcr. Und immer sind es die <strong>Menschen<\/strong>, die daf\u00fcr <strong>verantwortlich<\/strong> sind.<\/p>\n<h2>Darum gibt es nur noch wenige Humboldt-Pinguine in der Natur:<\/h2>\n<p>1. Aus den Meeren werden zu viele Fische gefischt. Fachleute sprechen hier von <strong>&#8222;\u00dcberfischung&#8220;<\/strong> der Meere. Die Menschen versuchen, mit gro\u00dfen Schiffen und riesigen Netzen m\u00f6glichst viele Fische zu fangen. Damit wollen sie Geld verdienen. Auch vor der K\u00fcste S\u00fcdamerikas, wo die Humboldt-Pinguine leben, werden zu viele Fische gefangen. So haben die Pinguine oft gro\u00dfe <strong>Probleme, gen\u00fcgend Fische f\u00fcr sich und ihre K\u00fcken zu finden.<\/strong><\/p>\n<p>2. Viele<strong> Pinguine verfangen sich in den Netzen der Fischer.<\/strong> Hier sterben sie qualvoll, weil sie nicht mehr atmen k\u00f6nnen. Der Pinguin ist ein Vogel, der Luft zum Atmen braucht. Wenn er in einem Netz unter Wasser gefangen ist, erstickt er. Auch dies ist ein Grund, warum es immer weniger Humboldt-Pinguine gibt.<\/p>\n<p>3. Humboldt-Pinguine brauchen <strong>H\u00f6hlen<\/strong>, in denen sie ihre Eier ausbr\u00fcten und ihre K\u00fcken aufziehen. Diese H\u00f6hlen nennen die Fachleute &#8222;Bruth\u00f6hlen&#8220;. Die Pinguine graben ihre Bruth\u00f6hlen in <strong>Bergh\u00e4nge aus Guano<\/strong>. Guano besteht vor allem aus dem <strong>Kot von Meeresv\u00f6geln<\/strong>. Die Menschen <strong>bauen Guano in gro\u00dfen Mengen ab<\/strong>, um damit Geld zu verdienen. Sie mischen das Guano in Blumenerde und nutzen es als <strong>Pflanzend\u00fcnger<\/strong>. So wird der Lebensraum der Humboldt-Pinguine zerst\u00f6rt. Die Tiere haben keinen Platz mehr, um H\u00f6hlen zu bauen. So k\u00f6nnen sie auch ihre K\u00fcken nicht aufziehen.<\/p>\n<p>4. Die Meeresverschmutzung durch Plastikabf\u00e4lle nimmt stetig zu. Auch die Pinguine leiden unter den Folgen (s. Steckbrief des Humboldt-Pinguins).<\/p>\n<p>5. In den letzten Monaten sind viele Humboldt-Pinguine an der Vogelgrippe gestorben.<br \/>\nAuch andere Meeresbewohner, wie z.B. Pelikane und Seel\u00f6wen, sind von dieser t\u00f6dlichen Krankheit betroffen. (<a href=\"https:\/\/latina-press.com\/news\/313033-vogelgrippe-toetet-10-prozent-der-pinguinartenpopulation-in-chile\/\">https:\/\/latina-press.com\/news\/313033-vogelgrippe-toetet-10-prozent-der-pinguinartenpopulation-in-chile\/<\/a>)<\/p>\n<p>6. Es gibt noch ein Problem. Im Norden des Landes Chile, dort, wo viele Humboldt-Pinguine leben, sollen zwei gro\u00dfe Industrieh\u00e4fen gebaut werden. Dadurch wird der Lebensraum sehr vieler Pinguine zerst\u00f6rt. Das Meerwasser w\u00fcrde durch den Schiffsverkehr verschmutzt und der L\u00e4rm w\u00fcrde die Pinguine und alle anderen Meeresbewohner st\u00f6ren.<br \/>\nDeshalb versuchen viele Menschen, die dort Leben den Bau der H\u00e4fen zu verhindern.<br \/>\nDabei werden sie auch von Natursch\u00fctzern und interessierten Menschen<br \/>\naus aller Welt unterst\u00fctzt.<\/p>\n<h2>Das tun Natursch\u00fctzer, um die Humboldt-Pinguine zu sch\u00fctzen:<\/h2>\n<p>1. <strong>Gebiete<\/strong>, in denen die Pinguine br\u00fcten, werden <strong>unter Naturschutz gestellt<\/strong>. Und sie werden auch von Natursch\u00fctzern bewacht, damit die Pinguine in Ruhe br\u00fcten k\u00f6nnen. So k\u00f6nnen die Menschen, die dort in der N\u00e4he ihren Urlaub machen, die Pinguine beim Br\u00fcten nicht st\u00f6ren.<\/p>\n<p>2. Au\u00dferdem wird darauf geachtet, dass die Fischer mit ihren Schiffen nicht zu nah an die K\u00fcstengebiete heranfahren, in denen die Pinguine ihre Fische fangen. Es werden Schutzgebiete (Schutzzonen) f\u00fcr die Pinguine eingerichtet.<\/p>\n<p>3. Viele Menschen wissen nicht, warum Natur- und Artenschutz wichtig sind. Dies muss den Menschen erkl\u00e4rt werden, die in der N\u00e4he der Pinguine leben und arbeiten. <strong>Natursch\u00fctzer halten<\/strong> deshalb <strong>Vortr\u00e4ge, schreiben Artikel f\u00fcr die Zeitung und drucken Brosch\u00fcren zum Schutz der Tiere<\/strong>. Sie sprechen auch mit Lehrern an den Schulen. Es ist sehr wichtig, dass <strong>Kinder vieles \u00fcber bedrohte Tiere und Naturschutz lernen<\/strong>. Denn: Die Kinder von heute gestalten morgen die Welt.<\/p>\n<p>4. Es gibt viele Menschen auf der ganzen Welt, die etwas f\u00fcr den Schutz der Humboldt-Pinguine tun. Einige von ihnen sind in dem Verein<a class=\" link\" href=\"http:\/\/www.sphenisco.org\/\" target=\"_blank\" rel=\"noopener\"> &#8222;Sphenisco &#8211; Schutz des Humboldt-Pinguins e.V.&#8220;<\/a> aktiv.\u00a0 Hier erf\u00e4hrst du etwas \u00fcber die Arbeit des Vereins.<\/p>\n<p>Auch du kannst etwas zum Schutz der Humboldt-Pinguine tun. Hilf mit!<\/p>\n","protected":false},"excerpt":{"rendered":"<p>Warum sind Humboldt-Pinguine von der Ausrottung bedroht? Humboldt-Pinguine sind sehr stark von der Ausrottung bedroht. Das bedeutet, dass es nur noch wenige dieser Tiere in der freien Natur gibt. Es gibt mehrere Gr\u00fcnde daf\u00fcr. Und immer sind es die Menschen, die daf\u00fcr verantwortlich sind. Darum gibt es nur noch wenige Humboldt-Pinguine in der Natur: 1.<\/p>\n","protected":false},"author":1,"featured_media":0,"parent":297,"menu_order":0,"comment_status":"closed","ping_status":"closed","template":"js\/page-fullwidth.php","meta":{"footnotes":""},"class_list":["post-324","page","type-page","status-publish","hentry"],"_links":{"self":[{"href":"https:\/\/zooschule-landau.de\/zoojugendspiele\/wp-json\/wp\/v2\/pages\/324","targetHints":{"allow":["GET"]}}],"collection":[{"href":"https:\/\/zooschule-landau.de\/zoojugendspiele\/wp-json\/wp\/v2\/pages"}],"about":[{"href":"https:\/\/zooschule-landau.de\/zoojugendspiele\/wp-json\/wp\/v2\/types\/page"}],"author":[{"embeddable":true,"href":"https:\/\/zooschule-landau.de\/zoojugendspiele\/wp-json\/wp\/v2\/users\/1"}],"replies":[{"embeddable":true,"href":"https:\/\/zooschule-landau.de\/zoojugendspiele\/wp-json\/wp\/v2\/comments?post=324"}],"version-history":[{"count":5,"href":"https:\/\/zooschule-landau.de\/zoojugendspiele\/wp-json\/wp\/v2\/pages\/324\/revisions"}],"predecessor-version":[{"id":2423,"href":"https:\/\/zooschule-landau.de\/zoojugendspiele\/wp-json\/wp\/v2\/pages\/324\/revisions\/2423"}],"up":[{"embeddable":true,"href":"https:\/\/zooschule-landau.de\/zoojugendspiele\/wp-json\/wp\/v2\/pages\/297"}],"wp:attachment":[{"href":"https:\/\/zooschule-landau.de\/zoojugendspiele\/wp-json\/wp\/v2\/media?parent=324"}],"curies":[{"name":"wp","href":"https:\/\/api.w.org\/{rel}","templated":true}]}}