{"id":2529,"date":"2024-04-29T21:49:10","date_gmt":"2024-04-29T19:49:10","guid":{"rendered":"https:\/\/zooschule-landau.de\/zoojugendspiele\/?page_id=2529"},"modified":"2024-04-29T22:27:27","modified_gmt":"2024-04-29T20:27:27","slug":"sibirischer-tiger","status":"publish","type":"page","link":"https:\/\/zooschule-landau.de\/zoojugendspiele\/sibirischer-tiger\/","title":{"rendered":"Sibirischer Tiger"},"content":{"rendered":"\n<div class=\"wp-block-image\"><figure class=\"alignleft is-resized\"><img decoding=\"async\" src=\"https:\/\/zooschule-landau.de\/zoojugendspiele\/wp-content\/uploads\/2024\/04\/tiger-quelle-zoo.jpg\" alt=\"\" class=\"wp-image-2530\" width=\"250\" srcset=\"https:\/\/zooschule-landau.de\/zoojugendspiele\/wp-content\/uploads\/2024\/04\/tiger-quelle-zoo.jpg 1260w, https:\/\/zooschule-landau.de\/zoojugendspiele\/wp-content\/uploads\/2024\/04\/tiger-quelle-zoo-300x218.jpg 300w, https:\/\/zooschule-landau.de\/zoojugendspiele\/wp-content\/uploads\/2024\/04\/tiger-quelle-zoo-768x558.jpg 768w\" sizes=\"(max-width: 1260px) 100vw, 1260px\" \/><\/figure><\/div>\n\n\n\n<h2 class=\"wp-block-heading\" style=\"text-align:center\">Sibirischer Tiger<\/h2>\n\n\n\n<p>Sie sind die gr\u00f6\u00dften Katzen, die es auf der Erde gibt.<br>Dennoch k\u00e4mpfen sie ums \u00dcberleben.<br>Du m\u00f6chtest wissen, warum sie bedroht sind  und wie du ihnen helfen kannst? Dann findest du hier dazu spannende Informationen und Anregungen.<\/p>\n\n\n\n<div style=\"clear: both;\"><\/div>\n\n\n\n<hr class=\"wp-block-separator\"\/>\n\n\n\n<div class=\"wp-block-columns has-2-columns is-layout-flex wp-container-core-columns-is-layout-9d6595d7 wp-block-columns-is-layout-flex\">\n<div class=\"wp-block-column is-layout-flow wp-block-column-is-layout-flow\">\n<div class=\"wp-block-image\"><figure class=\"aligncenter is-resized\"><img decoding=\"async\" src=\"https:\/\/zooschule-landau.de\/zoojugendspiele\/wp-content\/uploads\/2024\/04\/0.1-Sib.-Tiger-Ninoschka-T.-Schmeing-Zoo-Landau-kl-1400x933.jpg\" alt=\"\" class=\"wp-image-2532\" height=\"250\" srcset=\"https:\/\/zooschule-landau.de\/zoojugendspiele\/wp-content\/uploads\/2024\/04\/0.1-Sib.-Tiger-Ninoschka-T.-Schmeing-Zoo-Landau-kl-1400x933.jpg 1400w, https:\/\/zooschule-landau.de\/zoojugendspiele\/wp-content\/uploads\/2024\/04\/0.1-Sib.-Tiger-Ninoschka-T.-Schmeing-Zoo-Landau-kl-300x200.jpg 300w, https:\/\/zooschule-landau.de\/zoojugendspiele\/wp-content\/uploads\/2024\/04\/0.1-Sib.-Tiger-Ninoschka-T.-Schmeing-Zoo-Landau-kl-768x512.jpg 768w\" sizes=\"(max-width: 1400px) 100vw, 1400px\" \/><\/figure><\/div>\n\n\n\n<p style=\"text-align:center\"><a href=\"https:\/\/zooschule-landau.de\/zoojugendspiele\/sibirischer-tiger\/expertenwissen\/\">Expertenwissen<\/a><\/p>\n<\/div>\n\n\n\n<div class=\"wp-block-column is-layout-flow wp-block-column-is-layout-flow\">\n<div class=\"wp-block-image\"><figure class=\"aligncenter is-resized\"><img decoding=\"async\" src=\"https:\/\/zooschule-landau.de\/zoojugendspiele\/wp-content\/uploads\/2024\/04\/gs-tiger.jpg\" alt=\"\" class=\"wp-image-2534\" height=\"250\" srcset=\"https:\/\/zooschule-landau.de\/zoojugendspiele\/wp-content\/uploads\/2024\/04\/gs-tiger.jpg 605w, https:\/\/zooschule-landau.de\/zoojugendspiele\/wp-content\/uploads\/2024\/04\/gs-tiger-300x208.jpg 300w\" sizes=\"(max-width: 605px) 100vw, 605px\" \/><\/figure><\/div>\n\n\n\n<div class=\"wp-block-file aligncenter\"><a href=\"https:\/\/zooschule-landau.de\/zoojugendspiele\/wp-content\/uploads\/2024\/04\/Gehegeschild-Tiger.pdf\">Gehegeschild Tiger<\/a><a href=\"https:\/\/zooschule-landau.de\/zoojugendspiele\/wp-content\/uploads\/2024\/04\/Gehegeschild-Tiger.pdf\" class=\"wp-block-file__button\" download>Herunterladen<\/a><\/div>\n<\/div>\n<\/div>\n\n\n\n<div class=\"wp-block-columns has-2-columns is-layout-flex wp-container-core-columns-is-layout-9d6595d7 wp-block-columns-is-layout-flex\">\n<div class=\"wp-block-column is-layout-flow wp-block-column-is-layout-flow\">\n<div class=\"wp-block-image\"><figure class=\"aligncenter is-resized\"><img decoding=\"async\" src=\"https:\/\/zooschule-landau.de\/zoojugendspiele\/wp-content\/uploads\/2024\/04\/Screenshot-tiger-1400x788.jpg\" alt=\"\" class=\"wp-image-2536\" height=\"250\" srcset=\"https:\/\/zooschule-landau.de\/zoojugendspiele\/wp-content\/uploads\/2024\/04\/Screenshot-tiger-1400x788.jpg 1400w, https:\/\/zooschule-landau.de\/zoojugendspiele\/wp-content\/uploads\/2024\/04\/Screenshot-tiger-300x169.jpg 300w, https:\/\/zooschule-landau.de\/zoojugendspiele\/wp-content\/uploads\/2024\/04\/Screenshot-tiger-768x432.jpg 768w, https:\/\/zooschule-landau.de\/zoojugendspiele\/wp-content\/uploads\/2024\/04\/Screenshot-tiger.jpg 1920w\" sizes=\"(max-width: 1400px) 100vw, 1400px\" \/><figcaption>Film: Interview mit Tierpfleger <br> Herrn Thorsten Schmeing<\/figcaption><\/figure><\/div>\n\n\n\n<div class=\"wp-block-button aligncenter\"><a class=\"wp-block-button__link\" href=\"https:\/\/vcm.uni-kl.de\/Panopto\/Pages\/Viewer.aspx?id=f313fbe1-6b62-41cc-bfd1-b1610145dd58\">Ansehen<\/a><\/div>\n<\/div>\n\n\n\n<div class=\"wp-block-column is-layout-flow wp-block-column-is-layout-flow\">\n<div style=\"height:75px\" aria-hidden=\"true\" class=\"wp-block-spacer\"><\/div>\n\n\n\n<p style=\"text-align:center\" class=\"has-text-color has-background has-large-font-size has-very-light-gray-color has-luminous-vivid-orange-background-color\"><strong><a href=\"https:\/\/zooschule-landau.de\/zoojugendspiele\/sibirischer-tiger\/linkliste\/\">Du m\u00f6chtest noch mehr wissen? Dann schau doch mal hier hinein! <\/a><\/strong><\/p>\n<\/div>\n<\/div>\n","protected":false},"excerpt":{"rendered":"<p>Sibirischer Tiger Sie sind die gr\u00f6\u00dften Katzen, die es auf der Erde gibt.Dennoch k\u00e4mpfen sie ums \u00dcberleben.Du m\u00f6chtest wissen, warum sie bedroht sind und wie du ihnen helfen kannst? Dann findest du hier dazu spannende Informationen und Anregungen. Expertenwissen Du m\u00f6chtest noch mehr wissen? Dann schau doch mal hier hinein!<\/p>\n","protected":false},"author":1,"featured_media":0,"parent":0,"menu_order":0,"comment_status":"closed","ping_status":"closed","template":"page-fullwidth.php","meta":{"footnotes":""},"class_list":["post-2529","page","type-page","status-publish","hentry"],"_links":{"self":[{"href":"https:\/\/zooschule-landau.de\/zoojugendspiele\/wp-json\/wp\/v2\/pages\/2529","targetHints":{"allow":["GET"]}}],"collection":[{"href":"https:\/\/zooschule-landau.de\/zoojugendspiele\/wp-json\/wp\/v2\/pages"}],"about":[{"href":"https:\/\/zooschule-landau.de\/zoojugendspiele\/wp-json\/wp\/v2\/types\/page"}],"author":[{"embeddable":true,"href":"https:\/\/zooschule-landau.de\/zoojugendspiele\/wp-json\/wp\/v2\/users\/1"}],"replies":[{"embeddable":true,"href":"https:\/\/zooschule-landau.de\/zoojugendspiele\/wp-json\/wp\/v2\/comments?post=2529"}],"version-history":[{"count":8,"href":"https:\/\/zooschule-landau.de\/zoojugendspiele\/wp-json\/wp\/v2\/pages\/2529\/revisions"}],"predecessor-version":[{"id":2563,"href":"https:\/\/zooschule-landau.de\/zoojugendspiele\/wp-json\/wp\/v2\/pages\/2529\/revisions\/2563"}],"wp:attachment":[{"href":"https:\/\/zooschule-landau.de\/zoojugendspiele\/wp-json\/wp\/v2\/media?parent=2529"}],"curies":[{"name":"wp","href":"https:\/\/api.w.org\/{rel}","templated":true}]}}