{"id":192,"date":"2018-02-22T22:11:02","date_gmt":"2018-02-22T21:11:02","guid":{"rendered":"http:\/\/zooschule.synology.me\/zooschule\/?page_id=192"},"modified":"2024-04-23T23:20:26","modified_gmt":"2024-04-23T21:20:26","slug":"linkliste","status":"publish","type":"page","link":"https:\/\/zooschule-landau.de\/zoojugendspiele\/linkliste\/","title":{"rendered":"Linkliste"},"content":{"rendered":"\n<h1 class=\"wp-block-heading\">Link-Liste<\/h1>\n\n\n\n<div class=\"wp-block-columns has-2-columns is-layout-flex wp-container-core-columns-is-layout-9d6595d7 wp-block-columns-is-layout-flex\">\n<div class=\"wp-block-column is-layout-flow wp-block-column-is-layout-flow\">\n<figure class=\"wp-block-image\"><img loading=\"lazy\" decoding=\"async\" width=\"258\" height=\"403\" src=\"https:\/\/zooschule-landau.de\/zoojugendspiele\/wp-content\/uploads\/2018\/02\/alfie_linkliste_1.png\" alt=\"\" class=\"wp-image-195\"\/><\/figure>\n<\/div>\n\n\n\n<div class=\"wp-block-column is-layout-flow wp-block-column-is-layout-flow\">\n<figure class=\"wp-block-image\"><img loading=\"lazy\" decoding=\"async\" width=\"1400\" height=\"608\" src=\"https:\/\/zooschule-landau.de\/zoojugendspiele\/wp-content\/uploads\/2024\/04\/39737-1400x608.jpg\" alt=\"\" class=\"wp-image-2285\" srcset=\"https:\/\/zooschule-landau.de\/zoojugendspiele\/wp-content\/uploads\/2024\/04\/39737-1400x608.jpg 1400w, https:\/\/zooschule-landau.de\/zoojugendspiele\/wp-content\/uploads\/2024\/04\/39737-300x130.jpg 300w, https:\/\/zooschule-landau.de\/zoojugendspiele\/wp-content\/uploads\/2024\/04\/39737-768x333.jpg 768w\" sizes=\"auto, (max-width: 1400px) 100vw, 1400px\" \/><figcaption><a href=\"https:\/\/de.freepik.com\/vektoren-kostenlos\/recyceln_6907450.htm#page=1&amp;query=recycling&amp;position=14\">Bild von brgfx<\/a> auf Freepik<\/figcaption><\/figure>\n<\/div>\n<\/div>\n\n\n\n<h2 class=\"wp-block-heading\">Themenbereich Abfall<\/h2>\n\n\n\n<p class=\"has-background has-very-light-gray-background-color\"><strong>F\u00fcr Schulen aus Landau!<\/strong><br>Auf der Webseite des Entsorgungs- und Wirtschaftsbetriebs Landau (EWL) findet ihr wichtige Informationen zur Abfalltrennung, zum Beispiel, was in die gelbe und die blaue Tonne geh\u00f6rt und was man in die Biotonne werfen darf.<\/p>\n\n\n\n<ul class=\"wp-block-list\"><li><a href=\"https:\/\/www.ew-landau.de\/%C3%96ffentliche-Informationen\/Downloads\/\">https:\/\/www.ew-landau.de\/%C3%96ffentliche-Informationen\/Downloads\/<\/a><\/li><li><a href=\"https:\/\/www.ew-landau.de\/Geb%C3%BChren-und-Recht\/Abfall\/index.php?La=1&amp;object=tx,2901.6955.1&amp;kat=&amp;kuo=2&amp;sub=0\">https:\/\/www.ew-landau.de\/Geb%C3%BChren-und-Recht\/Abfall\/index.php?La=1&amp;object=tx,2901.6955.1&amp;kat=&amp;kuo=2&amp;sub=0<\/a><\/li><li><a href=\"https:\/\/www.ew-landau.de\/media\/custom\/2901_470_1.PDF?1698065585\">https:\/\/www.ew-landau.de\/media\/custom\/2901_470_1.PDF?1698065585<\/a><\/li><\/ul>\n\n\n\n<p class=\"has-background has-very-light-gray-background-color\"><strong>F\u00fcr Schulen aus dem Landkreis S\u00fcdliche Weinstra\u00dfe!<\/strong><br>F\u00fcr Schulen, die zum Landkreis S\u00fcdliche Weinstra\u00dfe geh\u00f6ren, ist die Webseite des Eigenbetriebes WertstoffWirtschaft (EWW) hilfreich.<\/p>\n\n\n\n<ul class=\"wp-block-list\"><li><a href=\"https:\/\/www.suedliche-weinstrasse.de\/einrichtungen\/eww\/\">https:\/\/www.suedliche-weinstrasse.de\/einrichtungen\/eww\/<\/a><\/li><li><a href=\"https:\/\/www.suedliche-weinstrasse.de\/einrichtungen\/eww\/wertstoffarten\/\">https:\/\/www.suedliche-weinstrasse.de\/einrichtungen\/eww\/wertstoffarten\/<\/a><\/li><li><a href=\"https:\/\/www.suedliche-weinstrasse.de\/einrichtungen\/eww\/wohin-damit\/#M\">https:\/\/www.suedliche-weinstrasse.de\/einrichtungen\/eww\/wohin-damit\/#M<\/a><\/li><\/ul>\n\n\n\n<p class=\"has-background has-very-light-gray-background-color\"><strong>Sonstige Webseiten<\/strong><\/p>\n\n\n\n<ul class=\"wp-block-list\"><li><a href=\"https:\/\/naturdetektive.bfn.de\/lexikon\/zum-lesen\/sonstiges\/muell.html\">https:\/\/naturdetektive.bfn.de\/lexikon\/zum-lesen\/sonstiges\/muell.html<\/a><\/li><li><a href=\"https:\/\/www.muelltrennung-wirkt.de\/de\/muelltrennung\/muelltrennung-fuer-schul-kinder\/\">https:\/\/www.muelltrennung-wirkt.de\/de\/muelltrennung\/muelltrennung-fuer-schul-kinder\/<\/a><\/li><li><a href=\"https:\/\/www.bmuv.de\/fileadmin\/Daten_BMU\/Pools\/Bildungsmaterialien\/gs_abfall_arbeitsblaetter_schueler.pdf\">https:\/\/www.bmuv.de\/fileadmin\/Daten_BMU\/Pools\/Bildungsmaterialien\/gs_abfall_arbeitsblaetter_schueler.pdf<\/a><\/li><li><a href=\"https:\/\/www.abenteuer-regenwald.de\/regenwald-retten\/alltagstipps\">https:\/\/www.abenteuer-regenwald.de\/regenwald-retten\/alltagstipps<\/a><\/li><\/ul>\n\n\n\n<p class=\"has-background has-very-light-gray-background-color\"><strong>Filme<\/strong><\/p>\n\n\n\n<p><strong>ZDF &#8211; Recycling mit Grenzen (Film 1:21)<\/strong><br><a href=\"https:\/\/www.zdf.de\/kinder\/logo\/plastikmuell-recycling-probleme-einfach-erklaert-100.html\">https:\/\/www.zdf.de\/kinder\/logo\/plastikmuell-recycling-probleme-einfach-erklaert-100.html<\/a><\/p>\n\n\n\n<p><strong>YouTube: Plastik im Meer \u2013 Schlaumal<\/strong><br><a href=\"https:\/\/www.youtube.com\/watch?v=uvcleXH_GF8\">https:\/\/www.youtube.com\/watch?v=uvcleXH_GF8<\/a><\/p>\n","protected":false},"excerpt":{"rendered":"<p>Link-Liste Themenbereich Abfall F\u00fcr Schulen aus Landau!Auf der Webseite des Entsorgungs- und Wirtschaftsbetriebs Landau (EWL) findet ihr wichtige Informationen zur Abfalltrennung, zum Beispiel, was in die gelbe und die blaue Tonne geh\u00f6rt und was man in die Biotonne werfen darf. https:\/\/www.ew-landau.de\/%C3%96ffentliche-Informationen\/Downloads\/ https:\/\/www.ew-landau.de\/Geb%C3%BChren-und-Recht\/Abfall\/index.php?La=1&amp;object=tx,2901.6955.1&amp;kat=&amp;kuo=2&amp;sub=0 https:\/\/www.ew-landau.de\/media\/custom\/2901_470_1.PDF?1698065585 F\u00fcr Schulen aus dem Landkreis S\u00fcdliche Weinstra\u00dfe!F\u00fcr Schulen, die zum Landkreis S\u00fcdliche<\/p>\n","protected":false},"author":1,"featured_media":0,"parent":0,"menu_order":0,"comment_status":"closed","ping_status":"closed","template":"js\/page-fullwidth.php","meta":{"footnotes":""},"class_list":["post-192","page","type-page","status-publish","hentry"],"_links":{"self":[{"href":"https:\/\/zooschule-landau.de\/zoojugendspiele\/wp-json\/wp\/v2\/pages\/192","targetHints":{"allow":["GET"]}}],"collection":[{"href":"https:\/\/zooschule-landau.de\/zoojugendspiele\/wp-json\/wp\/v2\/pages"}],"about":[{"href":"https:\/\/zooschule-landau.de\/zoojugendspiele\/wp-json\/wp\/v2\/types\/page"}],"author":[{"embeddable":true,"href":"https:\/\/zooschule-landau.de\/zoojugendspiele\/wp-json\/wp\/v2\/users\/1"}],"replies":[{"embeddable":true,"href":"https:\/\/zooschule-landau.de\/zoojugendspiele\/wp-json\/wp\/v2\/comments?post=192"}],"version-history":[{"count":17,"href":"https:\/\/zooschule-landau.de\/zoojugendspiele\/wp-json\/wp\/v2\/pages\/192\/revisions"}],"predecessor-version":[{"id":2290,"href":"https:\/\/zooschule-landau.de\/zoojugendspiele\/wp-json\/wp\/v2\/pages\/192\/revisions\/2290"}],"wp:attachment":[{"href":"https:\/\/zooschule-landau.de\/zoojugendspiele\/wp-json\/wp\/v2\/media?parent=192"}],"curies":[{"name":"wp","href":"https:\/\/api.w.org\/{rel}","templated":true}]}}