{"id":172,"date":"2018-02-22T21:55:42","date_gmt":"2018-02-22T20:55:42","guid":{"rendered":"http:\/\/zooschule.synology.me\/zooschule\/?page_id=172"},"modified":"2024-04-25T06:30:07","modified_gmt":"2024-04-25T04:30:07","slug":"produktsiegel","status":"publish","type":"page","link":"https:\/\/zooschule-landau.de\/zoojugendspiele\/kinderseiten\/produktsiegel\/","title":{"rendered":"Produktsiegel"},"content":{"rendered":"\n<h2 class=\"wp-block-heading\">Produktsiegel (Umweltsiegel)<\/h2>\n\n\n\n<p><strong>Schon beim t\u00e4glichen Einkauf, kannst du helfen, Tier- und Pflanzenarten (und die Natur insgesamt) zu sch\u00fctzen. Achte auf Siegel, die auf Produkten zu finden sind!<\/strong><\/p>\n\n\n\n<p>Es gibt sehr viele verschiedene Siegel, da kann man schnell den \u00dcberblick verlieren. Viele Siegel versprechen viel (\u201eWir sch\u00fctzen die Natur!\u201c) aber die Pr\u00fcfung von Experten und Expertinnen hat gezeigt, dass die Produkte sch\u00e4dlich f\u00fcr die Umwelt sind. Man muss also beim Einkaufen sehr gut aufpassen und sich am besten vorher kundig machen. <em>Das ist leider nicht so leicht, auch nicht f\u00fcr Erwachsene.<\/em><\/p>\n\n\n\n<p><strong>Auch das sollte man wissen: Manche Siegel sind \u2026<\/strong><\/p>\n\n\n\n<ul class=\"wp-block-list\"><li><strong>\u2026 f\u00fcr einige Produkte sinnvoll, f\u00fcr andere aber nicht.<\/strong> (Zum Beispiel ist das FSC-Siegel sinnvoll f\u00fcr Holzprodukte, aber nicht f\u00fcr Papierprodukte.)<\/li><li>\u2026<strong> in einigen Bereichen gut f\u00fcr die Natur, haben aber auch einige Nachteile.<\/strong> Da muss man dann abw\u00e4gen und \u00fcberlegen, ob es andere Siegel (andere Produkte) gibt, die f\u00fcr die Natur und f\u00fcr den Schutz der Arten besser sind.<\/li><li><strong>\u2026 ein Schritt in die richtige Richtung (in die Richtung Naturschutz), mehr aber noch nicht!<\/strong> Das bedeutet: Die Idee, die dahinter steckt, ist gut f\u00fcr den Naturschutz, aber die Richtlinien f\u00fchren noch nicht weit genug. Zum Beispiel wird zu wenig kontrolliert, ob die Richtlinien eingehalten werden. Da muss man dann \u00fcberlegen, ob man das Siegel dann noch \u201ewichtig\u201c findet und den \u201eSchritt in die richtige Richtung\u201c unterst\u00fctzen m\u00f6chte. Das MSC-Siegel f\u00fcr Fischprodukte ist zum Beispiel so ein Siegel.<\/li><\/ul>\n\n\n\n<p class=\"has-text-color has-background has-very-dark-gray-color has-very-light-gray-background-color\"><strong>Also, wenn es um Umweltsiegel geht: Sei immer kritisch! Immer ist zu \u00fcberlegen: Was ist am besten f\u00fcr die Natur und f\u00fcr die Arten? Manchmal ist es am besten, bestimmte Produkte (zum Beispiel Fisch und Fleisch) gar nicht oder nur sehr sparsam und zu besonderen Anl\u00e4ssen zu kaufen.<\/strong><\/p>\n\n\n\n<h3 class=\"wp-block-heading\">Diese Siegel solltest du auf jeden Fall kennen:<\/h3>\n\n\n\n<p class=\"has-text-color has-vivid-red-color\"><strong>Siegel f\u00fcr verschiedene Produktarten (Papier, Putzmittel, Waschmittel, Kleidung und anderes)<\/strong><\/p>\n\n\n\n<ul><li>Blauer Engel (Das ist ein besonders wichtiges Siegel. Es wurde von Experten\/ Expertinnen mit der Note \u201esehr gut\u201c bewertet.)<\/li><li>Mehrweg- und Einwegsiegel (sehr wichtig!)<\/li><\/ul>\n\n\n\n<p class=\"has-text-color has-vivid-cyan-blue-color\"><strong>Tolle Minibrosch\u00fcre kostenlos: \u201eMehrweg statt Einweg\u201c <\/strong><a href=\"https:\/\/www.nabu-shop.de\/nabu-tipp-mehrweg-anstatt-einweg\"><strong>https:\/\/www.nabu-shop.de\/nabu-tipp-mehrweg-anstatt-einweg<\/strong><\/a><\/p>\n\n\n\n<p class=\"has-text-color has-vivid-red-color\"><strong> Siegel f\u00fcr Papier-\/ Holzprodukte<\/strong><\/p>\n\n\n\n<ul class=\"wp-block-list\"><li>Blauer Engel<\/li><li>FSC-Siegel<\/li><li>\u00d6kopaplus-Siegel<\/li><li>Aqua Pro Natura \u2013 Weltpark Tropenwald<\/li><li>PEFC-Siegel<\/li><li>Europ\u00e4isches Umweltzeichen (Ecolabel)<br><\/li><\/ul>\n\n\n\n<p class=\"has-text-color has-vivid-cyan-blue-color\"><strong>Diese Seite erkl\u00e4rt diese Siegel kurz und knapp:<br><a href=\"https:\/\/www.helles-koepfchen.de\/?suche=umweltsiegel\">https:\/\/www.helles-koepfchen.de\/?suche=umweltsiegel<\/a><\/strong><\/p>\n\n\n\n<p class=\"has-text-color has-vivid-red-color\"><strong>Siegel f\u00fcr Lebensmittel (allgemein)<\/strong><\/p>\n\n\n\n<ul class=\"wp-block-list\"><li>Bio-Siegel<\/li><li>Demeter-Siegel, Naturland-Siegel, Bioland-Siegel (Alle drei Siegel sind f\u00fcr den Naturschutz noch besser als das \u201enormale\u201c Bio-Siegel!)<\/li><\/ul>\n\n\n\n<p class=\"has-text-color has-vivid-red-color\"><strong>Siegel f\u00fcr Fischprodukte<\/strong><\/p>\n\n\n\n<ul class=\"wp-block-list\"><li> MSC-Siegel<\/li><li> ASC-Siegel <\/li><\/ul>\n","protected":false},"excerpt":{"rendered":"<p>Produktsiegel (Umweltsiegel) Schon beim t\u00e4glichen Einkauf, kannst du helfen, Tier- und Pflanzenarten (und die Natur insgesamt) zu sch\u00fctzen. Achte auf Siegel, die auf Produkten zu finden sind! Es gibt sehr viele verschiedene Siegel, da kann man schnell den \u00dcberblick verlieren. Viele Siegel versprechen viel (\u201eWir sch\u00fctzen die Natur!\u201c) aber die Pr\u00fcfung von Experten und Expertinnen<\/p>\n","protected":false},"author":1,"featured_media":0,"parent":127,"menu_order":0,"comment_status":"closed","ping_status":"closed","template":"js\/page-fullwidth.php","meta":{"footnotes":""},"class_list":["post-172","page","type-page","status-publish","hentry"],"_links":{"self":[{"href":"https:\/\/zooschule-landau.de\/zoojugendspiele\/wp-json\/wp\/v2\/pages\/172","targetHints":{"allow":["GET"]}}],"collection":[{"href":"https:\/\/zooschule-landau.de\/zoojugendspiele\/wp-json\/wp\/v2\/pages"}],"about":[{"href":"https:\/\/zooschule-landau.de\/zoojugendspiele\/wp-json\/wp\/v2\/types\/page"}],"author":[{"embeddable":true,"href":"https:\/\/zooschule-landau.de\/zoojugendspiele\/wp-json\/wp\/v2\/users\/1"}],"replies":[{"embeddable":true,"href":"https:\/\/zooschule-landau.de\/zoojugendspiele\/wp-json\/wp\/v2\/comments?post=172"}],"version-history":[{"count":15,"href":"https:\/\/zooschule-landau.de\/zoojugendspiele\/wp-json\/wp\/v2\/pages\/172\/revisions"}],"predecessor-version":[{"id":2362,"href":"https:\/\/zooschule-landau.de\/zoojugendspiele\/wp-json\/wp\/v2\/pages\/172\/revisions\/2362"}],"up":[{"embeddable":true,"href":"https:\/\/zooschule-landau.de\/zoojugendspiele\/wp-json\/wp\/v2\/pages\/127"}],"wp:attachment":[{"href":"https:\/\/zooschule-landau.de\/zoojugendspiele\/wp-json\/wp\/v2\/media?parent=172"}],"curies":[{"name":"wp","href":"https:\/\/api.w.org\/{rel}","templated":true}]}}